{"id":81,"date":"2020-01-17T15:40:01","date_gmt":"2020-01-17T15:40:01","guid":{"rendered":"http:\/\/cjwsqvl.cluster100.hosting.ovh.net\/?page_id=81"},"modified":"2020-02-15T17:03:29","modified_gmt":"2020-02-15T17:03:29","slug":"togo","status":"publish","type":"page","link":"https:\/\/www.lecirqueenherbe.com\/index.php\/togo\/","title":{"rendered":"AVM-ARENA CIRCUS (Togo)"},"content":{"rendered":"\n<div class=\"wp-block-cover has-background-dim-10 has-background-dim\" style=\"background-image:url(http:\/\/cjwsqvl.cluster100.hosting.ovh.net\/wp-content\/uploads\/2020\/02\/70150987_2421085321305048_729796805667061760_o-01-6.jpg);background-position:49.30875576036866% 56.25%;min-height:340px;aspect-ratio:unset;\"><div class=\"wp-block-cover__inner-container is-layout-flow wp-block-cover-is-layout-flow\">\n<p class=\"has-text-align-center has-large-font-size\"><\/p>\n<\/div><\/div>\n\n\n\n<p class=\"has-text-align-center has-large-font-size\"><\/p>\n\n\n\n<p>Le Togo&nbsp;! Ce petit pays qui a tant \u00e0 offrir. Cette g\u00e9n\u00e9rosit\u00e9 des togolais se ressent \u00e9galement \u00e0 travers leur pratique du cirque.<\/p>\n\n\n\n<p><\/p>\n\n\n\n<p>Des enfants aux plus grands, les togolais partagent leurs arts avec enthousiasme et charisme. Le Cirque en Herbe est tomb\u00e9 sous le charme\u00a0! Et, c&#8217;est sans h\u00e9sitation et avec enthousiasme qu\u2019il a accept\u00e9 la proposition de collaboration avec l\u2019association Togolaise :  <strong>Association Pour Une Vie Meilleure (AVM) -Arena Circus.<\/strong><\/p>\n\n\n\n<p>La collaboration d\u00e9buta lors du festival Aleya de 2017,  puis rapidement les deux associations d\u00e9cid\u00e8rent de s\u2019associer dans un but commun : celui de d\u00e9mocratiser le cirque au Togo.<\/p>\n\n\n\n<p>A suivre\u2026.:-)<\/p>\n\n\n\n<figure class=\"wp-block-gallery columns-3 is-cropped wp-block-gallery-1 is-layout-flex wp-block-gallery-is-layout-flex\"><ul class=\"blocks-gallery-grid\"><li class=\"blocks-gallery-item\"><figure><img loading=\"lazy\" decoding=\"async\" width=\"551\" height=\"668\" src=\"http:\/\/cjwsqvl.cluster100.hosting.ovh.net\/wp-content\/uploads\/2020\/01\/IMG-20200106-WA0011-01.jpg\" alt=\"\" data-id=\"125\" data-full-url=\"http:\/\/cjwsqvl.cluster100.hosting.ovh.net\/wp-content\/uploads\/2020\/01\/IMG-20200106-WA0011-01.jpg\" data-link=\"http:\/\/cjwsqvl.cluster100.hosting.ovh.net\/img-20200106-wa0011-01\/\" class=\"wp-image-125\" srcset=\"https:\/\/www.lecirqueenherbe.com\/wp-content\/uploads\/2020\/01\/IMG-20200106-WA0011-01.jpg 551w, https:\/\/www.lecirqueenherbe.com\/wp-content\/uploads\/2020\/01\/IMG-20200106-WA0011-01-247x300.jpg 247w\" sizes=\"auto, (max-width: 551px) 100vw, 551px\" \/><\/figure><\/li><li class=\"blocks-gallery-item\"><figure><img loading=\"lazy\" decoding=\"async\" width=\"807\" height=\"1024\" src=\"http:\/\/cjwsqvl.cluster100.hosting.ovh.net\/wp-content\/uploads\/2020\/01\/IMG-20200106-WA0003-01-807x1024.jpg\" alt=\"\" data-id=\"123\" data-full-url=\"http:\/\/cjwsqvl.cluster100.hosting.ovh.net\/wp-content\/uploads\/2020\/01\/IMG-20200106-WA0003-01.jpg\" data-link=\"http:\/\/cjwsqvl.cluster100.hosting.ovh.net\/img-20200106-wa0003-01\/\" class=\"wp-image-123\" srcset=\"https:\/\/www.lecirqueenherbe.com\/wp-content\/uploads\/2020\/01\/IMG-20200106-WA0003-01-807x1024.jpg 807w, https:\/\/www.lecirqueenherbe.com\/wp-content\/uploads\/2020\/01\/IMG-20200106-WA0003-01-236x300.jpg 236w, https:\/\/www.lecirqueenherbe.com\/wp-content\/uploads\/2020\/01\/IMG-20200106-WA0003-01-768x975.jpg 768w, https:\/\/www.lecirqueenherbe.com\/wp-content\/uploads\/2020\/01\/IMG-20200106-WA0003-01.jpg 900w\" sizes=\"auto, (max-width: 807px) 100vw, 807px\" \/><\/figure><\/li><li class=\"blocks-gallery-item\"><figure><img loading=\"lazy\" decoding=\"async\" width=\"1024\" height=\"576\" src=\"http:\/\/cjwsqvl.cluster100.hosting.ovh.net\/wp-content\/uploads\/2020\/01\/IMG_20170817_095323_502-1024x576.jpg\" alt=\"\" data-id=\"117\" data-full-url=\"http:\/\/cjwsqvl.cluster100.hosting.ovh.net\/wp-content\/uploads\/2020\/01\/IMG_20170817_095323_502.jpg\" data-link=\"http:\/\/cjwsqvl.cluster100.hosting.ovh.net\/img_20170817_095323_502\/\" class=\"wp-image-117\" srcset=\"https:\/\/www.lecirqueenherbe.com\/wp-content\/uploads\/2020\/01\/IMG_20170817_095323_502-1024x576.jpg 1024w, https:\/\/www.lecirqueenherbe.com\/wp-content\/uploads\/2020\/01\/IMG_20170817_095323_502-300x169.jpg 300w, https:\/\/www.lecirqueenherbe.com\/wp-content\/uploads\/2020\/01\/IMG_20170817_095323_502-768x432.jpg 768w, https:\/\/www.lecirqueenherbe.com\/wp-content\/uploads\/2020\/01\/IMG_20170817_095323_502.jpg 1080w\" sizes=\"auto, (max-width: 1024px) 100vw, 1024px\" \/><\/figure><\/li><\/ul><\/figure>\n","protected":false},"excerpt":{"rendered":"<p>Le Togo&nbsp;! Ce petit pays qui a tant \u00e0 offrir. Cette g\u00e9n\u00e9rosit\u00e9 des togolais se ressent \u00e9galement \u00e0 travers leur pratique du cirque. Des enfants aux plus grands, les togolais partagent leurs arts avec enthousiasme et charisme. Le Cirque en Herbe est tomb\u00e9 sous le charme\u00a0! Et, c&#8217;est sans h\u00e9sitation et avec enthousiasme qu\u2019il a accept\u00e9 la proposition de collaboration avec l\u2019association Togolaise : Association Pour Une Vie Meilleure (AVM) -Arena Circus. La collaboration d\u00e9buta lors du festival Aleya de 2017, puis rapidement les deux associations d\u00e9cid\u00e8rent de s\u2019associer dans un but commun : celui de d\u00e9mocratiser le cirque au Togo. A suivre\u2026.:-)<\/p>\n","protected":false},"author":1,"featured_media":0,"parent":0,"menu_order":0,"comment_status":"closed","ping_status":"closed","template":"","meta":{"footnotes":""},"class_list":["post-81","page","type-page","status-publish","hentry"],"_links":{"self":[{"href":"https:\/\/www.lecirqueenherbe.com\/index.php\/wp-json\/wp\/v2\/pages\/81","targetHints":{"allow":["GET"]}}],"collection":[{"href":"https:\/\/www.lecirqueenherbe.com\/index.php\/wp-json\/wp\/v2\/pages"}],"about":[{"href":"https:\/\/www.lecirqueenherbe.com\/index.php\/wp-json\/wp\/v2\/types\/page"}],"author":[{"embeddable":true,"href":"https:\/\/www.lecirqueenherbe.com\/index.php\/wp-json\/wp\/v2\/users\/1"}],"replies":[{"embeddable":true,"href":"https:\/\/www.lecirqueenherbe.com\/index.php\/wp-json\/wp\/v2\/comments?post=81"}],"version-history":[{"count":15,"href":"https:\/\/www.lecirqueenherbe.com\/index.php\/wp-json\/wp\/v2\/pages\/81\/revisions"}],"predecessor-version":[{"id":763,"href":"https:\/\/www.lecirqueenherbe.com\/index.php\/wp-json\/wp\/v2\/pages\/81\/revisions\/763"}],"wp:attachment":[{"href":"https:\/\/www.lecirqueenherbe.com\/index.php\/wp-json\/wp\/v2\/media?parent=81"}],"curies":[{"name":"wp","href":"https:\/\/api.w.org\/{rel}","templated":true}]}}